785?
False
Does 144 divide 20862705?
False
Is 1512972509 a multiple of 4241?
True
Is 131235080 a multiple of 36?
False
Does 209 divide 120018938?
False
Is 421 a factor of 16541932?
True
Does 759 divide 80983355?
False
Does 56 divide 651897051?
False
Is 34062180 a multiple of 191?
False
Does 1559 divide 139887511?
True
Does 6 divide 25776280?
False
Is 183 a factor of 560905611?
False
Is 1471725 a multiple of 775?
True
Is 26678443 a multiple of 11?
True
Does 20 divide 162764051?
False
Does 401 divide 58621789?
True
Is 7130 a factor of 2247164475?
False
Is 144951863 a multiple of 3007?
False
Is 34487088 a multiple of 368?
False
Is 339 a factor of 2956725?
False
Does 61 divide 161905286?
False
Is 1610 a factor of 180023760?
True
Is 189547703 a multiple of 13?
False
Is 34852637 a multiple of 104?
False
Is 325986356 a multiple of 7?
False
Is 498638969 a multiple of 883?
False
Is 6 a factor of 163259532?
True
Does 20 divide 51689289?
False
Is 555995958 a multiple of 184?
False
Does 28 divide 662349395?
False
Is 33470216 a multiple of 3?
False
Is 42986943 a multiple of 54?
False
Is 1370724580 a multiple of 59?
True
Is 197 a factor of 77839231?
True
Is 12 a factor of 48515289?
False
Does 13 divide 952891301?
False
Is 13 a factor of 26692736?
False
Is 235706875 a multiple of 25?
True
Does 748 divide 97423455?
False
Is 71 a factor of 37845414?
True
Is 130597921 a multiple of 36?
False
Is 269 a factor of 2585464397?
False
Does 11 divide 420266?
True
Is 557902065 a multiple of 105?
True
Is 66 a factor of 51634836?
True
Is 78 a factor of 1152738834?
True
Is 349 a factor of 2447053784?
False
Is 369 a factor of 304065242?
False
Is 1134742743 a multiple of 621?
True
Is 286209430 a multiple of 747?
False
Is 10 a factor of 28165821?
False
Is 6 a factor of 11566882?
False
Does 365 divide 139359555?
True
Does 10100 divide 223644300?
True
Does 12 divide 7039008?
True
Is 102122346 a multiple of 6?
True
Is 5 a factor of 10524985?
True
Is 5 a factor of 8383250?
True
Is 31753959 a multiple of 1182?
False
Is 475397660 a multiple of 14?
False
Is 44058164 a multiple of 1451?
True
Is 4345127661 a multiple of 2191?
True
Is 18 a factor of 174591955?
False
Is 841690656 a multiple of 144?
True
Does 11 divide 377760460?
True
Is 87355033 a multiple of 9?
False
Is 23 a factor of 11628386?
True
Is 158 a factor of 52435144?
True
Does 1665 divide 60499440?
True
Is 348777738 a multiple of 9?
True
Is 392771940 a multiple of 580?
True
Does 3 divide 35469802?
False
Does 143 divide 124814607?
False
Does 25 divide 39801600?
True
Is 14 a factor of 6690288093?
False
Is 20871396 a multiple of 23?
True
Is 20 a factor of 8426351?
False
Is 522774754 a multiple of 55?
False
Is 1106751360 a multiple of 2085?
True
Does 51 divide 29990754?
True
Is 125153064 a multiple of 16?
False
Does 51 divide 230311019?
False
Is 11 a factor of 5378222541?
False
Is 562400 a multiple of 200?
True
Is 620514162 a multiple of 3942?
True
Does 49 divide 13502577?
False
Does 13 divide 42078179?
True
Is 1288 a factor of 16915304?
True
Is 2370 a factor of 138030940?
False
Is 343767138 a multiple of 5378?
True
Is 885 a factor of 667579131?
False
Does 60 divide 29028979?
False
Is 308 a factor of 56086574?
False
Is 252 a factor of 92139251?
False
Is 231 a factor of 385864008?
False
Is 11008008 a multiple of 264?
True
Does 13 divide 70278923?
True
Does 45 divide 489536370?
True
Is 23 a factor of 4215279?
True
Does 721 divide 1134607288?
False
Is 7922 a factor of 1674433562?
False
Is 379 a factor of 55052782?
True
Is 7 a factor of 524858678?
False
Does 12 divide 89534686?
False
Is 26814403 a multiple of 2554?
False
Is 3171209746 a multiple of 56?
False
Is 4 a factor of 3505196?
True
Is 829094403 a multiple of 115?
False
Does 273 divide 1058989386?
True
Is 3782304 a multiple of 72?
True
Is 1785262746 a multiple of 8546?
False
Does 21 divide 426563420?
False
Is 1237 a factor of 3483392?
True
Is 25 a factor of 25675818?
False
Is 48 a factor of 6705664?
False
Does 322 divide 129190106?
False
Does 1064 divide 675228802?
False
Is 262 a factor of 5242096?
True
Does 58 divide 403259094?
True
Is 2712760586 a multiple of 66?
False
Is 369628908 a multiple of 44?
True
Is 2095 a factor of 9228475?
True
Does 41 divide 601235737?
False
Does 21 divide 27287561?
False
Is 368 a factor of 1324128768?
True
Does 53 divide 147773752?
True
Is 263787331 a multiple of 1151?
True
Is 28 a factor of 43397424?
True
Does 535 divide 389138670?
True
Is 2425374686 a multiple of 10?
False
Is 274 a factor of 15650703?
False
Does 92 divide 9761200?
True
Is 6 a factor of 173349266?
False
Is 42 a factor of 1572320333?
False
Is 52 a factor of 5663060?
True
Is 926 a factor of 47061251?
False
Is 47854444 a multiple of 253?
True
Does 366 divide 863824050?
True
Is 24294465 a multiple of 156?
False
Is 6 a factor of 129213516?
True
Is 17533076 a multiple of 6?
False
Is 193 a factor of 117291359?
False
Does 181 divide 12083497?
False
Is 14619328 a multiple of 64?
True
Does 15 divide 85664746?
False
Is 39 a factor of 17447043?
False
Is 339 a factor of 70038756?
True
Is 8013 a factor of 293212033?
False
Does 1256 divide 13196792?
True
Does 41 divide 464843486?
True
Is 88300481 a multiple of 3411?
False
Is 522 a factor of 45296550?
True
Is 292350080 a multiple of 32?
True
Is 257 a factor of 651229342?
False
Does 31 divide 44104906?
False
Does 47 divide 16873517?
True
Does 50 divide 80629900?
True
Is 60 a factor of 223301867?
False
Is 28514472 a multiple of 72?
False
Is 633 a factor of 59475414?
True
Is 525749137 a multiple of 87?
False
Is 911348145 a multiple of 29?
False
Is 26879046 a multiple of 31?
True
Is 56923924 a multiple of 2451?
False
Is 764224772 a multiple of 91?
False
Is 429 a factor of 246421212?
False
Does 2989 divide 130290510?
True
Is 129021595 a multiple of 287?
False
Is 942 a factor of 11600499?
False
Is 14 a factor of 57285464?
False
Does 5 divide 27040976?
False
Is 140839186 a multiple of 367?
True
Does 8714 divide 3005075184?
True
Is 158 a factor of 26486330?
True
Is 221 a factor of 25504063?
True
Does 146 divide 17230998?
False
Is 591425 a multiple of 25?
True
Is 842658 a multiple of 151?
False
Is 84052608 a multiple of 96?
True
Is 7 a factor of 341066433?
False
Is 229738313 a multiple of 1913?
False
Is 28 a factor of 208520732?
True
Is 163 a factor of 14188824?
True
Is 18579216 a multiple of 46?
True
Is 162 a factor of 71392752?
True
Does 55 divide 711071?
False
Is 35034190 a multiple of 1811?
False
Does 576 divide 163558080?
True
Is 8181535 a multiple of 325?
False
Is 46 a factor of 1460934847?
False
Is 22 a factor of 3215145384?
True
Does 1665 divide 28503135?
True
Is 554609113 a multiple of 313?
False
Does 1413 divide 24145180?
False
Is 590956580 a multiple of 8162?
False
Is 9075102 a multiple of 832?
False
Is 92845341 a multiple of 102?
False
Does 147 divide 56774618?
False
Is 411205632 a multiple of 6016?
True
Is 490 a factor of 428944662?
False
Does 954 divide 158778718?
False
Is 324055309 a multiple of 29?
True
Is 5856093 a multiple of 393?
True
Is 425880708 a multiple of 1634?
False
Is 454 a factor of 55436110?
False
Is 3019685474 a multiple of 6150?
False
Does 23 divide 663508784?
True
Does 488 divide 1184782992?
True
Is 681 a factor of 109136104?
False
Does 32 divide 53227520?
True
Is 1227 a factor of 806720598?
True
Is 1058 a factor of 186880569?
False
Is 431026400 a multiple of 190?
True
Does 4304 divide 251246000?
True
Does 13 divide 2793920?
False
Is 142 a factor of 309216076?
True
Is 10 a factor of 44529895?
False
Is 85560524 a multiple of 28?
True
Is 68 a factor of 3035877408?
True
Does 278 divide 280428321?
False
Is 35116092 a multiple of 143?
False
Does 9 divide 368513720?
False
Is 249 a factor of 92066427?
False
Does 654 divide 29287114?
False
Does 14 divide 457529996?
True
Is 132929000 a multiple of 250?
True
Is 511468711 a multiple of 533?
False
Is 83091682 a multiple of 13?
False
Is 369104904 a multiple of 4834?
True
Is 139372288 a multiple of 1151?
True
Is 60417510 a multiple of 571?
True
Is 206 a factor of 5743116?
False
Is 29 a factor of 3035104651?
False
Is 1916 a factor of 1017058784?
True
Is 6111 a factor of 355030767?
True
Does 587 divide 1398538858?
False
Does 6 divide 13187?
False
Is 85877183 a multiple of 67?
True
D